4?
3
Calculate the remainder when 593 is divided by 297.
296
Calculate the remainder when 165 is divided by 71.
23
Calculate the remainder when 142 is divided by 40.
22
What is the remainder when 703 is divided by 174?
7
What is the remainder when 55 is divided by 25?
5
Calculate the remainder when 590 is divided by 180.
50
Calculate the remainder when 62 is divided by 32.
30
Calculate the remainder when 374 is divided by 72.
14
Calculate the remainder when 63 is divided by 19.
6
Calculate the remainder when 959 is divided by 312.
23
Calculate the remainder when 1044 is divided by 151.
138
What is the remainder when 207 is divided by 7?
4
What is the remainder when 248 is divided by 25?
23
Calculate the remainder when 1779 is divided by 8.
3
Calculate the remainder when 3782 is divided by 22.
20
What is the remainder when 1759 is divided by 10?
9
Calculate the remainder when 1257 is divided by 45.
42
Calculate the remainder when 794 is divided by 112.
10
Calculate the remainder when 1845 is divided by 71.
70
Calculate the remainder when 5127 is divided by 38.
35
Calculate the remainder when 6423 is divided by 46.
29
What is the remainder when 29373 is divided by 235?
233
What is the remainder when 100 is divided by 5?
0
Calculate the remainder when 194 is divided by 65.
64
What is the remainder when 6657 is divided by 8?
1
What is the remainder when 1445 is divided by 371?
332
Calculate the remainder when 91 is divided by 55.
36
What is the remainder when 978 is divided by 483?
12
Calculate the remainder when 436 is divided by 9.
4
Calculate the remainder when 4123 is divided by 78.
67
Calculate the remainder when 14143 is divided by 32.
31
Calculate the remainder when 1500 is divided by 9.
6
What is the remainder when 83 is divided by 20?
3
Calculate the remainder when 2753 is divided by 26.
23
What is the remainder when 703 is divided by 95?
38
Calculate the remainder when 274 is divided by 61.
30
Calculate the remainder when 23958 is divided by 97.
96
Calculate the remainder when 2503 is divided by 66.
61
Calculate the remainder when 143 is divided by 44.
11
What is the remainder when 138 is divided by 25?
13
Calculate the remainder when 1409 is divided by 467.
8
Calculate the remainder when 523 is divided by 80.
43
What is the remainder when 427 is divided by 84?
7
What is the remainder when 317 is divided by 47?
35
Calculate the remainder when 9071 is divided by 28.
27
What is the remainder when 735 is divided by 123?
120
Calculate the remainder when 1221 is divided by 136.
133
What is the remainder when 159 is divided by 40?
39
What is the remainder when 257 is divided by 38?
29
Calculate the remainder when 796 is divided by 133.
131
Calculate the remainder when 44 is divided by 11.
0
Calculate the remainder when 99 is divided by 33.
0
What is the remainder when 24 is divided by 9?
6
What is the remainder when 909 is divided by 35?
34
What is the remainder when 1804 is divided by 592?
28
Calculate the remainder when 2260 is divided by 565.
0
Calculate the remainder when 243 is divided by 31.
26
Calculate the remainder when 3512 is divided by 16.
8
Calculate the remainder when 494 is divided by 126.
116
What is the remainder when 101 is divided by 40?
21
Calculate the remainder when 2115 is divided by 142.
127
What is the remainder when 549 is divided by 8?
5
What is the remainder when 86 is divided by 15?
11
Calculate the remainder when 141 is divided by 33.
9
Calculate the remainder when 7989 is divided by 131.
129
What is the remainder when 1937 is divided by 17?
16
What is the remainder when 696 is divided by 78?
72
Calculate the remainder when 55 is divided by 30.
25
Calculate the remainder when 390 is divided by 9.
3
Calculate the remainder when 304 is divided by 37.
8
What is the remainder when 98 is divided by 53?
45
What is the remainder when 2103 is divided by 18?
15
What is the remainder when 97 is divided by 35?
27
Calculate the remainder when 692 is divided by 336.
20
What is the remainder when 437 is divided by 40?
37
What is the remainder when 47 is divided by 38?
9
What is the remainder when 783 is divided by 16?
15
What is the remainder when 43 is divided by 14?
1
Calculate the remainder when 137 is divided by 16.
9
Calculate the remainder when 2008 is divided by 85.
53
Calculate the remainder when 116 is divided by 17.
14
What is the remainder when 449 is divided by 90?
89
Calculate the remainder when 110 is divided by 50.
10
Calculate the remainder when 89 is divided by 27.
8
Calculate the remainder when 59 is divided by 6.
5
What is the remainder when 79 is divided by 33?
13
Calculate the remainder when 272 is divided by 268.
4
Calculate the remainder when 1168 is divided by 129.
7
Calculate the remainder when 210 is divided by 94.
22
Calculate the remainder when 151 is divided by 32.
23
Calculate the remainder when 836 is divided by 182.
108
Calculate the remainder when 656 is divided by 112.
96
What is the remainder when 1927 is divided by 5?
2
Calculate the remainder when 1984 is divided by 329.
10
Calculate the remainder when 964 is divided by 23.
21
Calculate the remainder when 66 is divided by 24.
18
What is the remainder when 521 is divided by 341?
180
Calculate the remainder when 166 is divided by 83.
0
What is the remainder when 1099 is divided by 11?
10
What is the remainder when 13662 is divided by 20?
2
Calculate the remainder when 6017 is divided by 10.
7
What is the remainder when 147 is divided by 22?
15
What is the remainder when 135 is divided by 55?
25
What is the remainder when 241 is divided by 34?
3
What is the remainder when 599 is divided by 277?
45
What is the remainder when 4963 is divided by 1651?
10
What is the remainder when 360 is divided by 19?
18
Calculate the remainder when 447 is divided by 112.
111
What is the remainder when 4409 is divided by 68?
57
What is the remainder when 157 is divided by 80?
77
Calculate the remainder when 102 is divided by 68.
34
Calculate the remainder when 195 is divided by 68.
59
Calculate the remainder when 354 is divided by 89.
87
Calculate the remainder when 120 is divided by 41.
38
What is the remainder when 43 is divided by 11?
10
Calculate the remainder when 57 is divided by 13.
5
Calculate the remainder when 149 is divided by 15.
14
Calculate the remainder when 298 is divided by 115.
68
What is the remainder when 1792 is divided by 26?
24
Calculate the remainder when 733 is divided by 92.
89
Calculate the remainder when 1334 is divided by 110.
14
What is the remainder when 1053 is divided by 31?
30
What is the remainder when 451 is divided by 197?
57
What is the remainder when 1040 is divided by 340?
20
What is the remainder when 109 is divided by 42?
25
Calculate the remainder when 194 is divided by 181.
13
What is the remainder when 738 is divided by 182?
10
What is the remainder when 1095 is divided by 42?
3
What is the remainder when 1123 is divided by 45?
43
Calculate the remainder when 153 is divided by 14.
13
Calculate the remainder when 267 is divided by 70.
57
What is the remainder when 673 is divided by 102?
61
Calculate the remainder when 6307 is divided by 2090.
37
What is the remainder when 242 is divided by 53?
30
What is the remainder when 549 is divided by 138?
135
What is the remainder when 207 is divided by 111?
96
What is the remainder when 509 is divided by 497?
12
What is the remainder when 2959 is divided by 329?
327
Calculate the remainder when 134 is divided by 28.
22
What is the remainder when 3658 is divided by 20?
18
Calculate the remainder when 622 is divided by 15.
7
Calculate the remainder when 65 is divided by 1.
0
What is the remainder when 25114 is divided by 52?
50
What is the remainder when 246 is divided by 59?
10
What is the remainder when 6 is divided by 5?
1
Calculate the remainder when 7150 is divided by 341.
330
Calculate the remainder when 746 is divided by 58.
50
What is the remainder when 110 is divided by 29?
23
Calculate the remainder when 158 is divided by 63.
32
Calculate the remainder when 19924 is divided by 243.
241
What is the remainder when 181 is divided by 6?
1
What is the remainder when 575 is divided by 135?
35
What is the remainder when 2061 is divided by 24?
21
Calculate the remainder whe